o - 58. Let t(l) = b(l) - 2*w(l). What is the units digit of t(-11)?
0
What is the units digit of 631971/36 - 48/64?
4
Let x(a) = a**2 + 10*a - 55. Let t be x(13). Let m = t + 34. What is the units digit of m?
8
Suppose -61*d = 29*d - 211258 - 167462. What is the units digit of d?
8
Suppose 0*w + 5*z = w - 691, -z = 4*w - 2701. Let o = 1030 - w. What is the units digit of o?
4
Let z(x) = -x**3 - x**2 - 139*x + 19. What is the units digit of z(-17)?
6
Suppose -f + 1144 = 4*s - 3*f, 3*f - 1430 = -5*s. Suppose -b - 2*i + s = 0, b - 2*b + 306 = -2*i. Suppose -8*n + 4*n + b = 0. What is the units digit of n?
4
Let h(b) = b**2 + 4*b - 9. Let k be h(2). Suppose -9 - 24 = -k*z. Suppose z*w + 117 = 12*w. What is the tens digit of w?
1
Suppose 6744*t - 6735*t = 824085. What is the units digit of t?
5
What is the units digit of (-121960)/(-14) - 60/140?
1
Let l(y) = 297*y**2 - 38*y + 29. Let x(v) = -198*v**2 + 25*v - 19. Let k(a) = 5*l(a) + 7*x(a). What is the tens digit of k(-3)?
4
Let w be 3/12 + 276/(-16). Let q = 16 + w. What is the units digit of (4 - 66/15)*(-211 - q)?
4
Suppose -37905 = -12*y + 24074 + 53389. What is the thousands digit of y?
9
Suppose 0 = 3*j + r - 108, -99 = -3*j - r + 3*r. Suppose -263 - j = -d. Let s = -170 + d. What is the units digit of s?
8
Let y(g) = g**2 - 12*g + 37. Let r be y(7). Suppose -18*j + r*j + 8560 = 0. What is the units digit of j?
5
Suppose 2*o - 11673 = 5*j, 4*o - 23340 = -25*j + 29*j. What is the hundreds digit of o?
8
Suppose -4*n = b - 4*b + 13573, n + 22599 = 5*b. Suppose 2*i = -5*y + b, 5*y = 7*y - i - 1804. What is the hundreds digit of y?
9
Let d(b) = 97*b + 141. Let k be 1/(-8)*0 - (-4)/1. What is the tens digit of d(k)?
2
Suppose i + 0*i + t - 296 = 0, 0 = -2*i - 4*t + 592. Suppose -2*n + 2*q + i = q, q = -4. What is the tens digit of n/(3 - 1) - 1?
7
Let s be 9/(-12)*4/(-6)*4. Suppose -5*a + 41 = 2*b, -a + 2*b = 1 - s. What is the tens digit of (-2)/a - (443/(-7) - 3)?
6
Let g be 10/(-5)*(-423)/6. Suppose -g*c = -140*c - 396. What is the hundreds digit of c?
3
Let m = -86944 - -139144. What is the units digit of m?
0
Let b be -3 - (1/(-3) + 92/(-12)). Suppose 384 = 3*t - 4*w, b*w = 27 - 12. What is the units digit of t?
2
Suppose 22*h = -17*h + 11*h + 213248. What is the hundreds digit of h?
6
What is the thousands digit of 505020/(-50)*(-15)/9?
6
Let x = 77 - -1816. What is the thousands digit of x?
1
Let x = 1147 + -1976. Let k = x - -1819. What is the tens digit of k?
9
Suppose -5*d = -20, 7*d + 191 = 3*a + 3*d. Suppose -10*j - 136 = -56. Let x = j + a. What is the tens digit of x?
6
What is the tens digit of (-10)/(-120) - 383512/(-96)?
9
Suppose 0 = 3*d + 2*y - 14209, 92*d = 90*d - 5*y + 9469. What is the thousands digit of d?
4
Suppose 12 = z - 5*t, -z + 5*t = -2*z + 12. Suppose 114 = -14*u + z*u. Let q = 112 + u. What is the tens digit of q?
5
Let o(v) = 609*v - 85. What is the units digit of o(12)?
3
Let v be 1081/(-94) + (-5)/2 + 1. Let c = 539 - v. What is the tens digit of c?
5
Let w be (4/7)/((-7)/(-49)). Suppose 2*o + p - 175 = 0, -2*o + w*p = -47 - 113. What is the tens digit of o?
8
Suppose -y = -n + 4, 3 = 3*y - 0. Suppose -n = w, 3*p - 35 = p - 5*w. Let c = p - -91. What is the tens digit of c?
2
Let u(h) be the third derivative of -h**4/12 + 19*h**3/3 + 9*h**2. Let n be u(-16). Suppose 3*q - n = -2*q. What is the units digit of q?
4
Let y = 85 - 95. Let j(a) = -a**3 - 8*a**2 + 14*a + 25. Let r be j(y). Let w = r - -13. What is the units digit of w?
8
Let f = 79 - 146. Let s = 97 + f. What is the units digit of (0 - 18)/((s/27)/(-10))?
2
What is the tens digit of ((-45)/(-50))/(-9) - 263079/(-90)?
2
Suppose c + 6*c = 1449. Suppose 11*x - c + 603 = 0. What is the units digit of (x/(-24))/(3/136)?
8
Suppose 395*n = -484*n + 62691159. What is the tens digit of n?
2
Let g(k) = -k**3 - 4*k**2 - 15*k - 27. Let m be g(-3). Suppose 10*t - 1645 = m*t. What is the hundreds digit of t?
6
Let w be 2/13 - (-12956)/(-52). What is the units digit of (-1 + 2/3)*w?
3
Let f(q) = 56 - 7*q**2 + 9*q**2 - 25 + 2*q - 3*q. What is the units digit of f(-12)?
1
Let p be (-12)/(-15)*(3 - (-55)/(-10)). What is the tens digit of (5930/(-15) - p)*30/(-25)?
7
Let f(w) = w**2 - w - 2. Let q = 4 - 1. Let n be f(q). Suppose 3*u = -5*z + 244, -3*u - n - 2 = 0. What is the tens digit of z?
5
Let r(j) = 55*j**2 + 4*j + 1. Let a be r(4). Suppose 5*t + 2*y = -y - a, 358 = -2*t - y. Let l = -84 - t. What is the tens digit of l?
9
Let t = 61 - 28. Let s be (-1128)/t - 8/(-44). Let b = s - -73. What is the tens digit of b?
3
Suppose 4*y = 4321 + 2039. Suppose -10*o = 510 + y. Let v = o - -367. What is the hundreds digit of v?
1
Suppose 249 = -18*h - 129. What is the hundreds digit of 17226/126 + (-6)/h?
1
Suppose -5*w = -7 - 18, -3*m + 5*w + 17 = 0. Let s(u) = 6*u**2 - 32*u + 59. What is the tens digit of s(m)?
8
Let u(n) = -2*n + 21. Let h be u(10). Let r(z) = z - 11. Let p be r(12). What is the tens digit of p/(2/(20/h))?
1
Suppose 0 = 2*o - 4*x, -6*x = 2*o - x - 18. Suppose -18*g = -40*g - 220. What is the units digit of 6/g - (3459/(-15) - o)?
4
Let b(p) = -p**2 - 18*p + 122. Let q be b(5). What is the tens digit of (3 - q) + (-1304)/(-8)?
5
Let f(x) = -4*x + 40. Let o be f(11). Let v(d) = -13*d**3 + d**2 + 24*d + 14. What is the hundreds digit of v(o)?
7
Let w = -1032 + 1713. Suppose -3*y + w - 57 = 0. Suppose -3*j + y = -320. What is the units digit of j?
6
Let n be (-56 + 51)/((-1)/565). Suppose 2515 + n = 5*f. What is the units digit of f?
8
Let x be (0 - -1) + -9 + 4. Let d be (0 - x - 3) + 8. Suppose d*y = 7*y + 184. What is the tens digit of y?
9
Let d(o) be the third derivative of -27*o**6/8 + o**5/60 + 99*o**2. What is the hundreds digit of d(-1)?
4
Let l be (3/(-4) - -1)*-2*-20. Let c be (1 - (-95)/l)*(4 + -2). Suppose c*y + 812 = 25*y. What is the units digit of y?
3
Suppose 0 = -6*j - 7*j + 273. What is the hundreds digit of 4/6 - ((-144872)/j)/8?
8
Let y(s) = 34*s - 56 + 97 + s**3 + 17*s - 25*s**2. Suppose q + 46 = 3*q. What is the tens digit of y(q)?
5
Let l(f) = 85*f**2 - 31*f + 212. What is the hundreds digit of l(15)?
8
Let l(k) = k**3 + 11*k**2 - 14*k - 11. Suppose -9*j = j + 120. Let v be l(j). Let w(g) = g**2 - 14*g + 26. What is the units digit of w(v)?
3
Suppose 0 = 7*a - 0*a. Suppose 8*c - 3632 - 1072 = a. Suppose 0 = -7*f + f + c. What is the units digit of f?
8
Suppose -2 = -2*q + 2. What is the hundreds digit of ((-60)/(-42) - q) + (-7232)/(-14)?
5
What is the tens digit of (-3)/((-9)/15) + 279456/32?
3
Let x = -22 + 37. Let a be ((-350)/x)/(-7) + (-4)/(-6). Suppose -a*j + 336 = 2*p, -j + 62 = -3*p - 2*p. What is the tens digit of j?
8
Let y = -41 - -17. Let g = 39 - 33. What is the units digit of g/(-4) + (-972)/y?
9
Let b = 832 + -587. Suppose -3*t + 747 = 3*w, t - 2*w + w = b. What is the tens digit of t?
4
Suppose 31 = 4*o + 15. What is the units digit of (5 - (-13370)/20)*o/3?
8
Suppose 0 = -18*g + 2*g + 15824. What is the hundreds digit of g?
9
Let s(q) = 7*q - 33. Let b be 1/(9/18 + (-1)/4). Suppose -2*l + v = -v - 16, -b*l + 34 = -3*v. What is the tens digit of s(l)?
3
Let v(y) = 9 - 20*y + 25*y**2 + 33*y - 14*y. What is the hundreds digit of v(-3)?
2
What is the tens digit of (-56)/24*(-49746)/14?
9
Let o(v) = 72*v**2 - 4*v + 1. Let z(n) be the first derivative of n**4/4 - 23*n**3/3 + 41*n**2/2 + 22*n + 5. Let l be z(21). What is the tens digit of o(l)?
6
Let i(b) = b + 2. Let c be i(-4). What is the tens digit of 1/(c/412*-2)?
0
Let k = 577 + -267. Let l = -35 + k. Suppose 2*a = -99 + l. What is the tens digit of a?
8
Suppose -2806 = -3*m + 554. Suppose -44 = -3*j + m. What is the tens digit of j?
8
Let f = 40974 + -23114. What is the thousands digit of f?
7
Let v(k) = -k**2 - 6*k - 5. Let n be v(-4). Let m be -1 - (6/n + -4). What is the tens digit of ((m - 2) + -127 + -2)/(-2)?
6
Let n(z) = z**2 + 11*z - 3. Let m be n(-12). Let p(s) be the first derivative of 15*s**2 - 28*s - 636. What is the hundreds digit of p(m)?
2
Suppose -5*m + 2*m + 46 = 5*b, 3*b - 2*m - 20 = 0. Suppose -6*d - 30 = -b*d. Suppose -7 = f - d. What is the units digit of f?
8
Let y be ((-4065)/12)/((-10)/40). Suppose -131 = -j + 4*p + 330, 2*p - y = -3*j. What is the hundreds digit of j?
4
Suppose 2*n - 63 = 